of f?
2, 7, 31
Let j = 40 - 39. Suppose 3*c - 4*c = 4*d - 7, -4*d = -c - j. List the prime factors of 31 + 3 - (-3)/1*d.
37
Suppose -15*v + 109 = 19. Suppose -1428 = -v*t + 1944. List the prime factors of t.
2, 281
List the prime factors of (-196366)/(-24) - (-138)/1656.
2, 4091
Let j = -2193 + 3879. List the prime factors of j.
2, 3, 281
Let w(k) = 2*k**2 + 3*k - 40. Let u be w(7). Suppose -341 - u = -6*j. What are the prime factors of j?
2, 5, 7
Suppose -24*c - 2958255 = -75*c. List the prime factors of c.
3, 5, 1289
Let x be -3 - -5 - (-1)/(-1). Let l be x + -1 - (12 + -14). Suppose 0 = -3*t - 3*m + 248 - 23, -m = -l. What are the prime factors of t?
73
Let p(u) = 2*u**3 + 3*u**2 + u - 2. Let l = -31 + 33. Let h be p(l). Suppose z = 3*c + h, 2*z + 2*c = 75 + 13. List the prime factors of z.
2, 5
Suppose 197*k - 1524 = 191*k. What are the prime factors of 1/(k/42 - 6)?
3, 7
Let q(f) = 95*f + 12. Let o(g) = -g**3 + 22*g**2 + 24*g - 18. Let b be o(23). What are the prime factors of q(b)?
487
Suppose 13*j - 14*j + 228 = 0. Let y = j + -134. What are the prime factors of y?
2, 47
Suppose -u - 116662 = -2*z, -214*u = -215*u + 2. List the prime factors of z.
2, 3, 4861
Let f = 35247 - 22245. List the prime factors of (-6)/(-10) - f/(-30).
2, 7, 31
List the prime factors of (-50*(-4 + 3))/((-4)/(-2402)).
5, 1201
Suppose -l + 50 - 43 = 0, 3*l = 5*j - 88734. What are the prime factors of j?
3, 61, 97
Let x(d) = 3 - d + d**3 + 3*d**2 - 5 + 8 - 5. Let f be x(-3). What are the prime factors of ((-6)/f)/((-2)/44)?
3, 11
Suppose 17*i - 40125 = -58*i. What are the prime factors of i?
5, 107
What are the prime factors of (-27499)/(-10) + 8/80?
2, 5, 11
What are the prime factors of (-41559)/((-56)/(-8))*-3 - -2?
47, 379
Let u(a) = 16708*a - 509. List the prime factors of u(4).
29, 2287
Let u be -9*(24/(-27))/((-4)/(-1272)). Suppose -6*c + 2*c + z + u = 0, 2*z = 3*c - 1913. What are the prime factors of c?
5, 127
Let r(v) = -13*v**3 + 7*v**2 - 64*v - 611. What are the prime factors of r(-9)?
10009
Suppose -5*u = 4*t - 3*t + 19, 5*t - 2*u + 176 = 0. Let a = t - -35. What are the prime factors of (580/(-12))/(a/(-3))?
5, 29
Suppose -2*w + 48 = 3*w + 4*j, 3*j + 9 = 0. Let p be (-40)/6*(-6288)/(-40). List the prime factors of (9/(-6))/(w/p).
131
Let o = 2913 - -18848. List the prime factors of o.
47, 463
Let t(l) = -4*l**2 + 48*l - 91. Suppose 4 = 13*h - 87. Let k(s) = s**2 - 16*s + 30. Let j(a) = h*k(a) + 2*t(a). What are the prime factors of j(-16)?
2, 7
Let w(f) = -4902*f**3 + f**2 - 4*f - 1. What are the prime factors of w(-1)?
2, 11, 223
Let s = 6 + 12618. List the prime factors of s.
2, 3, 263
Let c(p) be the third derivative of 5*p**5/12 - p**4/24 - 5*p**3/6 - 235*p**2. List the prime factors of c(5).
3, 5, 41
Suppose 0 = -26*m + 1042 + 3352. Let g = 348 - m. What are the prime factors of g?
179
Let r(l) = l**3 + 5*l + 6. Let a = 38 + -30. List the prime factors of r(a).
2, 3, 31
Let n(c) = 13*c - 1. Let v(z) = z - 1. Let a(g) = n(g) + v(g). Let y be a(1). List the prime factors of (y/4 - 6) + 117.
2, 3, 19
Let v(x) = 15*x**2 - 63*x + 49. What are the prime factors of v(-8)?
17, 89
Suppose -a = 4*t - 6991, -13*a - 20973 = -16*a - 2*t. List the prime factors of a.
6991
Let c be (-6)/10 - (515/(-25) + 4). Let u = c - -416. What are the prime factors of u?
2, 3
Let d(g) be the second derivative of g**4/3 - g**3 + 15*g**2/2 - g. Suppose -419 = -6*h - 383. What are the prime factors of d(h)?
3, 41
What are the prime factors of ((-10)/(-4))/(-10*29/(-2097860))?
5, 3617
List the prime factors of ((-10)/20 + -1)/(15/(-775490)).
77549
Suppose -2*w = -3*v + 198180, 683*w - 198150 = -3*v + 680*w. What are the prime factors of v?
2, 23, 359
Suppose 3*j + v - 55025 = -3*v, -55015 = -3*j - 2*v. List the prime factors of j.
5, 19, 193
Let f = -252 - -137. Let g = f - -257. Suppose -139 = -3*n - 2*b, -n = -4*n + b + g. What are the prime factors of n?
47
Suppose -2*y - 29*o + 25*o + 21460 = 0, 2*y = -3*o + 21459. List the prime factors of y.
2, 3, 149
Let i(c) = c**2 - 5*c + 9. Let p be i(2). Suppose -p = 10*j - 23. Suppose -j*z + 79 = -77. List the prime factors of z.
2, 3, 13
Let b(w) = w**2 + w - 5. Let a be b(-4). Suppose -7*d = -6*d - a. Suppose -4*k = -d*k + 171. List the prime factors of k.
3, 19
Let v(r) be the first derivative of 151*r**5/20 + r**4/6 - r**3/2 + r**2 + 23*r + 3. Let q(x) be the first derivative of v(x). List the prime factors of q(1).
2, 19
Let z = 734 - 736. What are the prime factors of 0 + -2 + (5 - z) + 673?
2, 3, 113
Let w(a) = a**2 + 12*a + 7. Let m be w(-13). Let q be (-57)/(-2)*m/(-15)*-1. Let v = q - 1. List the prime factors of v.
37
Suppose 3*q - 7 = w + 7*q, 2*q = -5*w + 19. Suppose 28 = -g + w*g. Suppose -11*a + 291 = -g*a - c, -2*a = 4*c - 132. List the prime factors of a.
2, 3
Suppose -100731 = -2*c + z, -5*z = -3*z + 18. What are the prime factors of c?
3, 16787
Let f(w) = -205*w + 216. Let c be f(5). Let t = 1524 + c. What are the prime factors of t?
5, 11, 13
Let b = 3 + -13. Let o be (3/(-18)*b)/(2/180). Let a = -78 + o. What are the prime factors of a?
2, 3
Suppose 3*d = 2*d - 5*r - 16, -5*d - 3*r = -8. Suppose -5*p - d*t + 3769 = 0, 9*t - 5*t - 741 = -p. List the prime factors of p.
757
Let c be (20/15)/(-4)*-36. Suppose 1222 = -c*v + 10246. What are the prime factors of v?
2, 47
Let j be (2 - 7)*(-1)/(5/(-56)). What are the prime factors of 8/28 - 4352/j?
2, 3, 13
Let u(v) = -16*v**3 + 12*v**2 - 10*v + 7. Let x(r) = -30*r**3 + 26*r**2 - 22*r + 14. Let g(i) = -13*u(i) + 6*x(i). What are the prime factors of g(4)?
1777
Let w(o) = 2*o**3 + o**2 - 8*o - 4. Let a be w(4). List the prime factors of 2/(-8) + (-927)/a*-33.
283
Let o(l) be the second derivative of l**4/12 - 5*l**3/6 + 2*l**2 - 27*l. Let z be o(4). Suppose z = -q + 50 + 24. What are the prime factors of q?
2, 37
Suppose 4*i + 16 = 0, -5*z - 2*i + 39 = 7. Suppose 29 = z*v - 179. Suppose 0 = 5*a - 5*q - 174 - v, -3*q - 164 = -4*a. What are the prime factors of a?
2, 11
Let c = 17492 - 16655. List the prime factors of c.
3, 31
List the prime factors of (-57 - -60)*152440/15.
2, 37, 103
Let d = 23570 + -13806. What are the prime factors of d?
2, 2441
Suppose -147894 = -4*q - 2*y, -14*q - 4*y + 36984 = -13*q. List the prime factors of q.
2, 3, 13, 79
Suppose -3*y = -7 - 2. Let u be 236/y + (-1)/(-3). Let v = 215 - u. List the prime factors of v.
2, 17
Let a(j) = 152*j**3 + 10*j**2 + 177*j - 840. List the prime factors of a(5).
5, 17, 227
Suppose 10*n - 29239 = -4*j + 7*n, 2*j + 2*n = 14622. List the prime factors of j.
2, 13, 281
Let k be -1 + (1 - 2/(-1)). Suppose 3*j + k*n - 608 = 0, -10 = -3*n + 8*n. List the prime factors of j.
2, 3, 17
Let z(g) = -23*g + 199. Let l be z(7). Suppose -2*k + 2744 = 5*d, l*k + 2730 = 5*d + 33*k. What are the prime factors of d?
2, 137
Let v(s) = 14*s**2 + 652*s - 31. What are the prime factors of v(-51)?
31, 101
Let o be 66*((-10)/(-6) - 1). Suppose -3*j + 556 = 613. Let m = j + o. What are the prime factors of m?
5
Let t(p) = -p**3 - 2*p**2 + 6*p + 8. Let g be t(-2). Let i be g/14 - 150/(-35). Suppose -i*k + 680 = 4*j, 2*j + j - 842 = -5*k. List the prime factors of k.
2, 83
Let o(u) = 3125*u**2 + 38*u - 87. List the prime factors of o(2).
3, 23, 181
Suppose 21*r + 6691 - 790 = 0. Let n = 378 - r. What are the prime factors of n?
659
List the prime factors of 5360 + (45/(54/6) - 6).
23, 233
Let h = 25715 - 11199. What are the prime factors of h?
2, 19, 191
Let y(m) = m**2 + 28*m + 53. Let a(u) = u**2 + 27*u + 53. Let z(j) = -3*a(j) + 2*y(j). Suppose -6*s + 11*s = -110. List the prime factors of z(s).
13
Let w(t) = 1654*t**2 - 338*t - 1333. What are the prime factors of w(-4)?
71, 373
Let w be 6*(9/10 + (-8)/20). Suppose n - 19 = -4*j, -1 + 9 = w*j + 2*n. Suppose -3*d = -3*r + 453, -5*r - 152 = -j*r + 2*d. What are the prime factors of r?
2, 3, 5
Let i = 19 - 23. Let u = 229 + -295. What are the prime factors of (-986)/i - (6 + u/12)?
2, 3, 41
Let m be 8/3*2613/134. Suppose 55*u = m*u + 4206. What are the prime factors of u?
2, 701
Suppose 16 = -4*i, 4*k - 2*k + 146 = -5*i. Let p be 142/8 + 1/4. List the prime factors of ((-12)/p)/(6/k).
7
Let l(u) = -2*u - 26. Suppose 105 = v - 6*v - 5*x, 0 = 5*v - x + 111. Let s be l(v). List the p